 l(-85).
-40
Let h(y) = -807*y - 33086. Determine h(-41).
1
Let b(y) = -16*y + 851. What is b(62)?
-141
Let i(o) = -o - 198. Give i(44).
-242
Let x(q) = -23*q**2 + 261*q - 4. Give x(12).
-184
Let o(g) = -g**3 + 18*g**2 + 767*g - 259. What is o(38)?
7
Let n(a) = -6*a**2 - 82*a - 186. Calculate n(-3).
6
Let w(m) = -21019*m + 126117. Calculate w(6).
3
Let u(y) = -y**3 - 6*y**2 + 145*y + 877. Calculate u(-6).
7
Let r(p) = -82*p**2 + 73*p + 2. Determine r(1).
-7
Let s(f) = f**3 + 7*f**2 - 3*f + 23. What is s(-6)?
77
Let d(v) = v**3 - 27*v**2 - 30*v + 136. Calculate d(28).
80
Let p(f) = -32*f - 1314. Calculate p(-42).
30
Let c(y) = y**3 - 122*y**2 + 251*y - 1329. Calculate c(120).
-9
Let k(c) = 339*c + 16617. Calculate k(-49).
6
Let b(s) = s**3 + 34*s**2 + 191*s + 13. What is b(-6)?
-125
Let x(h) = h**3 + 2*h**2 - 351*h - 1050. Give x(-3).
-6
Let d(a) = a**3 - 43*a**2 + 41*a + 33. Give d(42).
-9
Let c(t) = -4391*t - 184421. Give c(-42).
1
Let k(x) = 117*x - 1336. Calculate k(11).
-49
Let d(g) = 2*g**3 - 27*g**2 + 42*g + 4. Determine d(7).
-339
Let x(y) = -y**2 + 16*y - 93. Determine x(16).
-93
Let d(w) = -12*w + 428. What is d(20)?
188
Let d(t) = -160*t - 181. Calculate d(-6).
779
Let q(y) = y**3 + 35*y**2 + 316*y + 194. What is q(-16)?
2
Let q(m) = -m**3 + 138*m**2 - 2912*m - 61. What is q(112)?
-61
Let b(p) = -p**3 + 12*p**2 + 37*p - 26. Give b(-6).
400
Let h(f) = 3*f**3 - 22*f**2 + f - 2. Give h(6).
-140
Let c(w) = w**2 + 536*w + 3735. Determine c(-7).
32
Let z(t) = 128*t**2 - 351*t - 17. Give z(5).
1428
Let j(d) = -d**3 + 37*d**2 + 196*d + 100. Determine j(42).
-488
Let k(a) = a**3 - 2*a**2 - a. What is k(2)?
-2
Let p(r) = r**3 - 2*r**2 - 6*r - 6. Determine p(-2).
-10
Let k(r) = -116*r + 1952. Determine k(17).
-20
Let v(c) = -2*c**3 + 71*c**2 - 388*c + 17. Calculate v(29).
-302
Let c(f) = 3*f**3 - 167*f**2 + 104*f + 266. What is c(55)?
-64
Let s(q) = 386*q + 78362. Give s(-203).
4
Let c(a) = -a**3 - 76*a**2 - 1419*a - 38. Calculate c(-43).
-38
Let u(i) = 2*i**2 - 240*i + 3158. Give u(15).
8
Let b(u) = -8*u**2 - 34*u + 397. What is b(6)?
-95
Let a(y) = -y**3 + 8*y**2 - 43*y + 131. Calculate a(6).
-55
Let l(w) = 3*w**2 + 278*w - 1274. Determine l(-97).
-13
Let b(s) = 3*s**2 + 262*s + 1917. What is b(-79)?
-58
Let j(g) = -10*g - 302. Determine j(-42).
118
Let c(t) = -t**2 + 1015*t + 79426. Determine c(-73).
2
Let f(q) = 4*q**2 + 46*q - 147. What is f(-14)?
-7
Let d(y) = 2*y**2 + 23*y + 60. Determine d(-7).
-3
Let x(k) = -k**3 + 13*k**2 - 26*k - 12. Determine x(11).
-56
Let r(n) = 2*n**3 + n**2 + 52*n + 194. Determine r(0).
194
Let p(a) = -4*a**3 - 157*a**2 - 1536*a - 102. Determine p(-18).
6
Let o(i) = -i**3 - 14*i**2 - 14*i + 44. Give o(-12).
-76
Let j(h) = -31*h - 1017. What is j(-29)?
-118
Let x(f) = f**3 + 7*f**2 - 6*f - 9. Calculate x(-6).
63
Let q(p) = 2*p**2 - 90*p + 76. Give q(44).
-12
Let f(g) = 3*g**2 - 35*g - 494. What is f(-10)?
156
Let s(w) = 10385*w - 83092. Give s(8).
-12
Let i(s) = -133*s**2 - 808*s - 17. Determine i(-6).
43
Let z(v) = v**3 - 2*v**2 + 6*v + 62. What is z(0)?
62
Let l(f) = -159*f + 20514. What is l(129)?
3
Let b(r) = -429*r - 145850. Calculate b(-340).
10
Let v(j) = -4*j**3 - 4*j**2 + 101. Give v(0).
101
Let a(b) = 3075*b - 30782. What is a(10)?
-32
Let j(i) = -i**3 - 6*i**2 + 2691*i + 23963. Give j(-9).
-13
Let f(l) = l**3 - 4*l**2 + 8*l - 39. Give f(5).
26
Let g(k) = -2*k**3 + 93*k**2 - 228*k + 358. What is g(44)?
6
Let q(z) = -z**3 + 12*z**2 + 38*z - 141. What is q(6)?
303
Let v(w) = 9*w**2 - 605*w - 266. Give v(68).
210
Let j(i) = -2*i**3 + 93*i**2 + 152*i - 487. Calculate j(48).
-103
Let d(v) = 42*v**2 - 158*v - 12. Give d(4).
28
Let q(u) = 41*u + 2144. What is q(-51)?
53
Let w(b) = 19*b**3 + 8*b**2 - 1. Determine w(-2).
-121
Let f(v) = 45*v**3 + 188*v**2 + 47*v + 42. Calculate f(-4).
-18
Let r(o) = 2*o**2 + 2466*o - 70628. Calculate r(28).
-12
Let b(n) = 2*n**2 - 50*n - 202. Give b(33).
326
Let j(g) = -g**3 + 2*g**2 + 65*g - 35. Determine j(10).
-185
Let c(s) = -265*s - 2196. Give c(-8).
-76
Let g(f) = -4434*f - 212834. Give g(-48).
-2
Let z(k) = 51*k + 3397. Give z(-69).
-122
Let d(z) = -z**3 + 6*z**2 - 848*z + 2525. Calculate d(3).
8
Let z(k) = -2*k**2 + 98*k + 1045. Determine z(57).
133
Let p(d) = -3*d**2 + 55*d - 72. Give p(17).
-4
Let u(f) = 413*f**2 - 1642*f - 36. What is u(4)?
4
Let t(a) = -109*a**3 - 3*a**2 - 2*a + 7. Calculate t(1).
-107
Let r(h) = -7*h**2 + h + 17. Calculate r(-2).
-13
Let q(t) = -12*t**2 - 110*t + 12. What is q(-9)?
30
Let x(n) = -n**2 + 47*n + 1088. Determine x(-17).
0
Let o(b) = -26*b**2 + 451*b - 1260. What is o(14)?
-42
Let l(g) = -6473*g + 148891. Calculate l(23).
12
Let z(a) = a**3 + 10*a**2 - 51*a + 59. Determine z(-14).
-11
Let w(m) = 2*m - 36. Calculate w(12).
-12
Let q(s) = -2*s**3 + 19*s**2 - 21*s - 13. Determine q(8).
11
Let w(r) = -3*r**2 - 112*r - 945. What is w(-12)?
-33
Let d(h) = 6*h**2 + 12*h - 50. Calculate d(-6).
94
Let l(m) = 330*m - 1519. Calculate l(5).
131
Let v(d) = -2*d**3 - 48*d**2 - 61*d - 51. Calculate v(-23).
294
Let a(r) = 2*r**3 - 83*r**2 + 632*r - 20. Give a(10).
0
Let z(l) = -94*l + 9925. Calculate z(105).
55
Let z(n) = 3*n**3 - 26*n**2 + 35*n. Give z(7).
0
Let c(b) = -b**3 + 31*b**2 - 360*b + 8760. Calculate c(29).
2
Let p(w) = -6*w**2 + 224*w - 905. Give p(33).
-47
Let j(p) = p**2 + 40*p + 298. Determine j(-8).
42
Let q(o) = o**2 + 312*o + 1812. Give q(-6).
-24
Let t(a) = -a**2 - 229*a - 1543. Give t(-7).
11
Let n(y) = -y**2 - 78*y - 279. Calculate n(-4).
17
Let a(g) = -7*g**2 + 317*g - 94. Calculate a(45).
-4
Let r(u) = 89*u - 1210. Calculate r(15).
125
Let t(f) = f**3 - 3*f**2 - 25*f - 26. Give t(-2).
4
Let v(j) = 3*j**3 - 19*j**2 + 28*j - 42. Determine v(5).
-2
Let k(t) = 19*t - 49. Determine k(10).
141
Let v(i) = -135*i - 33070. What is v(-245)?
5
Let l(u) = -u**3 - 14*u**2 + 115*u + 1582. Give l(-15).
82
Let w(i) = -28*i + 22. What is w(1)?
-6
Let m(q) = 4*q - 42. What is m(-6)?
-66
Let v(x) = x**3 + 5*x**2 - 129*x - 798. Determine v(-9).
39
Let g(x) = 2389*x + 107514. Calculate g(-45).
9
Let i(r) = 3*r**2 + 70*r - 144. Calculate i(2).
8
Let l(h) = -h**3 - 58*h**2 - 60*h - 179. Give l(-57).
-8
Let w(t) = -2*t**3 + 38*t**2 - 55*t + 53. Determine w(17).
274
Let m(j) = 7*j**2 + 38640*j - 38640. Determine m(1).
7
Let b(j) = -91*j**2 - 709*j + 158. Determine b(-8).
6
Let d(p) = -4*p**2 + 71*p + 58. Give d(18).
40
Let i(h) = -2*h**3 + 132*h**2 - 254*h - 27. Give i(64).
101
Let j(l) = -l**2 - 142*l - 555. Determine j(-4).
-3
Let f(y) = 9*y**2 - 26*y - 73. Give f(-3).
86
Let j(y) = 4*y**3 - 74*y**2 + 18*y + 39. Determine j(18).
-285
Let q(i) = -1668*i + 18291. Calculate q(11).
-57
Let u(o) = 2*o**3 - 3*o**2 - 15*o + 3. What is u(-4)?
-113
Let d(y) = y**2 - 26*y + 16. Determine d(26).
16
Let z(c) = 5217*c + 46968. Give z(-9).
15
Let c(j) = 2*j**3 + 72*j**2 + 408*j + 55. Calculate c(-29).
-3
Let a(g) = -3*g**2 + 3*g - 69. Calculate a(5).
-129
Let n(c) = 22*c**2 - 1609*c + 160. Calculate n(73).
-59
Let b(f) = 1932*f + 15460. What is b(-8)?
4
Let v(w) = 1712*w + 83923. What is v(-49)?
35
Let q(p) = 15*p**3 + 62*p**2 - 191*p - 10. Give q(-6).
128
Let g(t) = 41*t + 1181. Calculate g(-29).
-8
Let a(n) = 6*n + 253. Calculate a(-26).
97
Let t(w) = -27*w - 471. Determine t(-16).
-39
Let t(b) = 63*b + 242. Give t(-4).
-10
Let c(r) = r**3 - 16*r**2 - 4*r - 89. What is c(16)?
-153
Let y(b) = b**3 - 22*b**2 + 99*b - 10. Calculate y(6).
8
Let s(v) = -570*v + 17091. What is s(30)?
-9
Let y(s) = s**3 - 61*s**2 + 839*s - 348. Calculate y(20).
32
Let f(p) = 244*p - 3380. What is f(14)?
36
Let y(o) = o**3 - 21*o**2 + 16*o + 112. Calculate y(20).
32
Let h(q) = -503*q - 6570. Determine h(-13).
-31
Let h(y) = 8978*y - 152623. What is h(17)?
3
Let f(c) = -c**3 + 109*c**2 + 209*c + 14215. Calculate f(112).
-9
Let h(x) = -55*x + 1745. Determine h(32).
-15
Let n(w) = -w**2 - 24*w + 756. Determine n(-42).
0
Let i(n) = -n**3 + 11*n**2 - 11*n - 24. Give i(13).
-505
Let j(i) = -10*i**2 + i + 24. Determine j(-3).
-69
Let v(q) = 11*q**2 - 36*q + 10. Determine v(3).
1
Let m(d) = 157*d - 2041. Determine m(13).
0
Let u(n) = 41*n + 919. Give u(-12).
427
Let w(k) = 28*k + 83. Determine w(-3).
-1
Let v(m) = 3*m**3 - 119*m**2 - 41*m + 54. What is v(40)?
14
Let t(l) = 4298*l - 68776. De